er when f(-6) is divided by d.
6
Let m(f) = -10*f - 650. What is the remainder when 214 is divided by m(-76)?
104
Suppose 0 = -2*w + 12 + 28. Suppose 4*r + 0*r - w = 0. Suppose 5 = -5*y - 3*z + 15, r*z = y - 30. What is the remainder when y is divided by 4?
1
Let o(v) = -2*v - 11. Let m be o(-5). What is the remainder when 74/1 + -2 + m is divided by 18?
17
Suppose -4*q - 5*s = -9, 2 = 2*q - s + 3*s. Let j(g) = -g**3 - 4*g**2 - 3*g - 4. Let c(h) = -27*h. What is the remainder when c(-1) is divided by j(q)?
3
Suppose 4*f + 5*o - 182 = 0, 2*o = 4*f + o - 194. What is the remainder when 15 is divided by 4/6 + 256/f?
3
Let c(a) = 3*a**2 - 27*a + 107. Calculate the remainder when c(4) is divided by 8.
7
Suppose -30*a + 486 = -12*a. What is the remainder when a is divided by 16?
11
Suppose 0 = 2*d - 4*c - 98, 5*c + 123 = 2*d + 21. Let x = -21 - -35. Calculate the remainder when d is divided by x.
13
Suppose -4*d - 2*s = -74, 75 = -0*d + 3*d - 5*s. Suppose -3*r = 4*c - d, -r + 0*c + 3*c + 24 = 0. Calculate the remainder when 49 is divided by r.
1
Let f(w) = -w**3 + 3*w**2 - 2*w + 2. Let m be f(3). Suppose -2 = u - 9. Calculate the remainder when u is divided by (18/24)/((-1)/m).
1
Let c = 5 + -7. Let o(h) = 5*h**2 - h. Let f(z) = 62*z**3 + z**2. Calculate the remainder when f(1) is divided by o(c).
19
Let y be 1*-4 - (13 + -21). Suppose 3*v = -4*i + 119, -y*v = v - 25. Calculate the remainder when 103 is divided by i.
25
Suppose 4*c + 5*y = 971, c + 968 = 5*c + 4*y. Calculate the remainder when c is divided by 48.
47
Suppose -397 = -5*l + 23. Suppose 0*n = -3*n + l. Suppose -2*b = -4*t + 38, 4*b + 8 - n = 0. Calculate the remainder when 22 is divided by t.
10
Suppose 4*g - 300 = u, -2*u + 81 = 3*g - 155. Suppose -3*f = f - g. Suppose 8*b + 5 = 9*b. What is the remainder when f is divided by b?
4
Let r = 12 - -6. Let u = 781 + -774. Calculate the remainder when r is divided by u.
4
Suppose 4*n = 5*p - 6 - 49, -4*p + 33 = -n. What is the remainder when 320 is divided by p?
5
Let d(y) = -y + 8. Suppose 6*m - 2*m = 0. Let f be d(m). Suppose -9*z + 7 = -f*z. Calculate the remainder when 18 is divided by z.
4
Calculate the remainder when 28/9 - 1/9 is divided by (-3)/((-1)/(-3)*-3).
0
Let s be ((-12)/10)/((-14)/35). Let o = 46 + -23. What is the remainder when o is divided by 37/s - (-20)/30?
10
Suppose -4*h = 4 + 8. Let s be (h - -1)*3/3. What is the remainder when 9 is divided by ((-40)/(4 + 1))/s?
1
Let v = 15 + -35. Let x = 1 - v. Let d = -12 - -20. What is the remainder when x is divided by d?
5
Let n = 19 - 0. Let v = 45 - n. Calculate the remainder when 102 is divided by v.
24
Let s(c) = c**3 + 13*c**2 - 13*c + 17. Let t(n) = -2*n + 12. Let a be t(8). Let m = -1 - a. What is the remainder when s(-14) is divided by m?
0
Suppose -73 = -5*f - 3*r, r + 0 = 1. Calculate the remainder when (6 - -63) + (-6)/2 is divided by f.
10
Let s(v) = 2*v - 1. Let p be (-1 - -3)*(-66)/(-4). Suppose -81 = -6*i + p. What is the remainder when i is divided by s(3)?
4
Suppose j - 6*j - 720 = -5*u, -4*u + j = -567. Calculate the remainder when u is divided by 119.
22
Let s = 1702 + -1695. Calculate the remainder when 245 is divided by s.
0
Let a(u) = 9*u + 18. Let d(w) = -10*w - 19. Let q(o) = 6*a(o) + 5*d(o). Calculate the remainder when q(3) is divided by 7.
4
Let i(l) = -9*l**2 + 80*l + 20. What is the remainder when 153 is divided by i(9)?
10
Let t = 1580 + -1391. Calculate the remainder when 383 is divided by t.
5
Calculate the remainder when (-111)/(-74) - 238/(-4) is divided by 53.
8
What is the remainder when 87 is divided by (-10)/2 + ((-16)/(-2) - -8)?
10
Let u(w) = 63*w**2 + 22*w - 41. What is the remainder when u(2) is divided by 77?
24
Suppose 3*n - 53 = 5*r, -3*r - 53 = 4*n + 2. Let d(f) = f**3 - 11*f**2 - 10*f + 8. Let x be d(12). Let t = x + r. What is the remainder when 54 is divided by t?
16
Let k = -26 + 58. Suppose -6*a - k = -260. Calculate the remainder when a is divided by 11.
5
Let l be ((-6)/(-8))/((-4)/32). What is the remainder when 17 is divided by (-27)/l + 1/2?
2
Suppose -4*v + 4*d + 251 = 63, 0 = -5*v - d + 211. Let g = 71 - v. What is the remainder when g is divided by 6?
4
Suppose -25 = -4*w - 5. Suppose 2*t + l - 58 = -t, 4*t = -w*l + 59. Let v = t + -18. What is the remainder when 5 is divided by v?
2
Let w(v) = -14*v - 14. Calculate the remainder when 107 is divided by w(-3).
23
Let j(s) = 4*s**2 + 31*s + 11. Calculate the remainder when 188 is divided by j(-8).
17
Suppose 2*m - 174 = 90. Suppose 0*t - m = -4*t. Suppose 5*h = 42 + t. Calculate the remainder when 43 is divided by h.
13
Let b = 4 + 91. Let s = b - 80. Let u = -6 - -33. Calculate the remainder when u is divided by s.
12
Let k(t) = -t**3 - 2*t**2 + t + 1573. What is the remainder when k(0) is divided by 83?
79
Suppose 2552 = 16*w + 376. What is the remainder when w is divided by 14?
10
Let a = 617 + -592. Calculate the remainder when 50 is divided by a.
0
Let x = -22 - -34. Calculate the remainder when 3/(40/x + -3) is divided by 4.
1
Let d(s) = -s**3 + 33*s**2 - 33*s + 47. What is the remainder when 33 is divided by d(32)?
3
Let w = 5 - 0. Suppose -2*o = -w*y - 30, 2*o + 0*y = y + 30. Calculate the remainder when o is divided by (-6)/4*16/(-3).
7
What is the remainder when (-11)/(755/(-125) + 6) is divided by 46?
45
Suppose d = a - 16, -2*a + 12 = -a - 5*d. Let b = -25 + a. Let c = 23 - b. Calculate the remainder when c is divided by 8.
7
Let d(l) = l**3 + 48*l**2 + 36*l - 457. Suppose 2*t + 2*t = -3*f + 331, 0 = 3*f - 3*t - 366. Calculate the remainder when f is divided by d(-47).
57
Suppose -39*h + 229 + 30581 = 0. What is the remainder when h is divided by 7?
6
Let r(f) = -f**3 + 13*f**2 - 2*f - 30. Let x be r(12). Let y = x - 73. Calculate the remainder when 47 is divided by y.
13
Suppose 3*z + 2 = 20. What is the remainder when ((-2)/z)/(5/(-45)) is divided by 2?
1
Suppose -47 = 5*q - 4*q + 4*b, -4*b = 5*q + 219. Let n = q + 91. What is the remainder when 190 is divided by n?
46
Suppose -17 = -7*v - 115. Let m(h) = -h**3 - 14*h**2 + 8. What is the remainder when 31 is divided by m(v)?
7
Let a be 40/(5/15*-3*-2). Let r = -2 - -7. Suppose 5*d - a = 5*j, -12 = -r*d + 2*d - j. What is the remainder when 9 is divided by d?
1
Suppose 2*k = -2*v + 88, -2*k + 100 = -5*v + 12. Calculate the remainder when k is divided by 12.
8
Let g = -60 + 62. Suppose v + 3*s = 18, -4 = g*v + s - 3*s. What is the remainder when 4 is divided by v?
1
Let i be -16 + 14 - (0 + -11). Calculate the remainder when 33 is divided by (i/(-2))/(15/(-60)).
15
Let i = 2 + 1. Suppose l - 6*l + g + 13 = 0, -i*g + 6 = 0. What is the remainder when 20 is divided by l?
2
Let d be -32*((-4)/(-2) + (-5)/2). Suppose -4*h + d = -16. Calculate the remainder when 23 is divided by h.
7
Let t = -315 - -462. Suppose -t = 2*y - 9*y. What is the remainder when y is divided by 8?
5
Suppose 5*u = -5*p + 65, p - 7 = u + u. Let f = -2 + p. Let i = 100 + -65. What is the remainder when i is divided by f?
8
Suppose -220 = -3*w - 3*d - 190, -54 = -3*w + 3*d. Suppose 43 = 3*m - 68. Calculate the remainder when m is divided by w.
9
Let p = 22 - 18. Suppose -p*h = 12 - 76. Calculate the remainder when h is divided by 9.
7
Let t = 126 - 20. Suppose 156 = 46*g - 210 - 462. What is the remainder when t is divided by g?
16
Let n(r) = 4*r**2 - 3*r - 2. Let a = 18553 - 18415. Calculate the remainder when a is divided by n(-2).
18
Let t = 296 + -193. What is the remainder when t is divided by 11?
4
Let f be 19 - 0 - (-5 - -8). Let y(h) = -1 + h**2 + 9 + 7 + 3 + f*h. What is the remainder when y(-15) is divided by 2?
1
Suppose 15*b = 5*b + 30. Calculate the remainder when 88 is divided by 1/(b - 89/30).
28
Let h(l) = -12*l**3 - 1. Let f = -83 + 82. Calculate the remainder when 51 is divided by h(f).
7
Let w = -345 + 123. Let q = w + 367. Suppose -2*l = -q + 35. What is the remainder when l is divided by 14?
13
Suppose 2*y = 10 - 22. Let g = 52 + -25. What is the remainder when g is divided by (90/(-12))/(y/8)?
7
Calculate the remainder when -32*(-2 - -3)*-1 is divided by ((-1)/(-2))/((-5)/(-210)) - 2.
13
Suppose -52 - 33 = -5*o. Suppose -5*v + 3*d - 2*d + 153 = 0, -27 = -v + 2*d. What is the remainder when v is divided by o?
14
Suppos